{"id":2,"date":"2022-10-11T11:10:24","date_gmt":"2022-10-11T09:10:24","guid":{"rendered":"http:\/\/stolz-architecture.fr\/?page_id=2"},"modified":"2025-11-06T17:53:07","modified_gmt":"2025-11-06T16:53:07","slug":"page-dexemple","status":"publish","type":"page","link":"https:\/\/stolz-architecture.fr\/","title":{"rendered":"Accueil"},"content":{"rendered":"\n<p class=\"has-text-align-center\">L&rsquo;agence ST\u00d8LZ ARCHITECTURE vous accompagne dans tous vos projets de construction et de r\u00e9novation sur la C\u00f4te d&rsquo;Opale, de l&rsquo;Esquisse \u00e0 la livraison du chantier<\/p>\n\n\n\n<p class=\"has-text-align-center\"><strong>L&rsquo;agence vous accueille au Centre d&rsquo;affaires de l&rsquo;a\u00e9roport du Touquet-Paris-plage uniquement sur rendez-vous du lundi au vendredi<\/strong><\/p>\n\n\n\n<p class=\"has-text-align-center\">06 30 56 77 41 <\/p>\n\n\n\n<p class=\"has-text-align-center\">stolz.architecture@gmail.com <\/p>\n\n\n\n<p class=\"has-text-align-center\">Instagram @stolz_architecture<\/p>\n\n\n\n<p class=\"has-text-align-center\">Si\u00e8ge social : 42 rue Ribot, 62520 Le Touquet<\/p>\n\n\n\n<figure class=\"wp-block-gallery has-nested-images columns-default is-cropped wp-block-gallery-1 is-layout-flex wp-block-gallery-is-layout-flex\"><\/figure>\n\n\n\n<p><\/p>\n\n\n\n<p class=\"has-text-align-center\"><\/p>\n\n\n\n<p><\/p>\n\n\n\n<p><\/p>\n\n\n\n<p><\/p>\n\n\n\n<p><\/p>\n\n\n\n<p><\/p>\n\n\n\n<p><\/p>\n","protected":false},"excerpt":{"rendered":"<p>L&rsquo;agence ST\u00d8LZ ARCHITECTURE vous accompagne dans tous vos projets de construction et de r\u00e9novation sur&#8230;<\/p>\n<div class=\"more-link-wrapper\"><a class=\"more-link\" href=\"https:\/\/stolz-architecture.fr\/\">Read the post<span class=\"screen-reader-text\">Accueil<\/span><\/a><\/div>\n","protected":false},"author":1,"featured_media":342,"parent":0,"menu_order":0,"comment_status":"closed","ping_status":"closed","template":"templates\/full-width.php","meta":{"footnotes":""},"class_list":["post-2","page","type-page","status-publish","has-post-thumbnail","hentry","excerpt","zoom","full-without-featured","even","excerpt-0"],"_links":{"self":[{"href":"https:\/\/stolz-architecture.fr\/index.php\/wp-json\/wp\/v2\/pages\/2","targetHints":{"allow":["GET"]}}],"collection":[{"href":"https:\/\/stolz-architecture.fr\/index.php\/wp-json\/wp\/v2\/pages"}],"about":[{"href":"https:\/\/stolz-architecture.fr\/index.php\/wp-json\/wp\/v2\/types\/page"}],"author":[{"embeddable":true,"href":"https:\/\/stolz-architecture.fr\/index.php\/wp-json\/wp\/v2\/users\/1"}],"replies":[{"embeddable":true,"href":"https:\/\/stolz-architecture.fr\/index.php\/wp-json\/wp\/v2\/comments?post=2"}],"version-history":[{"count":17,"href":"https:\/\/stolz-architecture.fr\/index.php\/wp-json\/wp\/v2\/pages\/2\/revisions"}],"predecessor-version":[{"id":276,"href":"https:\/\/stolz-architecture.fr\/index.php\/wp-json\/wp\/v2\/pages\/2\/revisions\/276"}],"wp:featuredmedia":[{"embeddable":true,"href":"https:\/\/stolz-architecture.fr\/index.php\/wp-json\/wp\/v2\/media\/342"}],"wp:attachment":[{"href":"https:\/\/stolz-architecture.fr\/index.php\/wp-json\/wp\/v2\/media?parent=2"}],"curies":[{"name":"wp","href":"https:\/\/api.w.org\/{rel}","templated":true}]}}